 of 11 and 219197.
11
Calculate the greatest common factor of 1732500 and 6825.
525
Calculate the highest common divisor of 50992 and 48.
16
What is the greatest common factor of 493582 and 76?
38
What is the greatest common factor of 260 and 297804?
52
What is the greatest common divisor of 3713971 and 113?
113
Calculate the greatest common factor of 5185 and 1360.
85
Calculate the greatest common divisor of 20 and 3545.
5
What is the greatest common factor of 270 and 11004030?
90
What is the highest common divisor of 162668 and 176?
44
What is the greatest common divisor of 17185 and 805?
35
Calculate the greatest common divisor of 711 and 219225.
237
Calculate the highest common divisor of 368 and 10080.
16
Calculate the greatest common divisor of 1650 and 150.
150
Calculate the highest common factor of 8 and 1523512.
8
What is the highest common factor of 143 and 737?
11
Calculate the greatest common factor of 388801 and 21.
7
Calculate the greatest common factor of 2880 and 70.
10
What is the greatest common factor of 4158 and 1316?
14
Calculate the highest common factor of 332461 and 1.
1
Calculate the greatest common factor of 2327195 and 195.
65
What is the greatest common divisor of 29 and 722303?
29
What is the highest common factor of 5126 and 2574?
22
What is the greatest common factor of 80 and 1061488?
16
What is the greatest common factor of 11583 and 44?
11
Calculate the highest common factor of 220810 and 568.
142
Calculate the greatest common divisor of 4598 and 11858.
242
What is the highest common factor of 2392 and 8684?
52
Calculate the greatest common divisor of 24 and 356968.
8
What is the highest common divisor of 42658 and 242?
22
What is the greatest common divisor of 2037484 and 2584?
1292
What is the greatest common divisor of 152 and 5680?
8
What is the highest common divisor of 276835 and 130?
65
Calculate the greatest common divisor of 18183 and 1482.
57
What is the highest common divisor of 964356 and 48?
12
Calculate the greatest common factor of 198 and 13222.
22
Calculate the greatest common factor of 1194 and 192.
6
What is the highest common divisor of 1645 and 93295?
235
What is the greatest common factor of 69111 and 63?
63
What is the greatest common factor of 95 and 9785?
95
What is the greatest common factor of 1640 and 600?
40
What is the greatest common factor of 156560 and 76?
76
What is the highest common divisor of 7343 and 455?
7
What is the highest common factor of 33 and 795740?
11
Calculate the highest common factor of 19412 and 4431.
211
What is the highest common factor of 6266 and 130?
26
Calculate the highest common factor of 2369007 and 243.
243
Calculate the greatest common divisor of 356 and 1938598.
178
Calculate the highest common factor of 1934883 and 18.
9
Calculate the highest common factor of 33 and 448.
1
Calculate the highest common factor of 60 and 59.
1
Calculate the greatest common divisor of 1455 and 1358.
97
Calculate the greatest common divisor of 630 and 401310.
630
Calculate the highest common divisor of 1037109 and 1983.
1983
What is the greatest common divisor of 95 and 8113?
19
What is the greatest common factor of 2531860 and 20?
20
Calculate the highest common divisor of 272 and 14926.
34
What is the greatest common factor of 675 and 365850?
675
What is the greatest common factor of 34860 and 2100?
420
What is the highest common factor of 12068 and 308?
28
Calculate the highest common factor of 2900 and 58800.
100
What is the greatest common divisor of 1186399 and 1522?
761
Calculate the highest common factor of 340 and 538475.
85
What is the highest common factor of 240 and 50510?
10
What is the highest common divisor of 45364 and 209?
11
Calculate the highest common factor of 363 and 305283.
363
What is the greatest common factor of 70 and 903686?
14
Calculate the greatest common divisor of 243 and 340659.
27
What is the highest common divisor of 126 and 16704?
18
Calculate the greatest common divisor of 140 and 1484.
28
What is the greatest common factor of 904146 and 372?
186
Calculate the highest common factor of 385 and 3314465.
385
Calculate the highest common factor of 9240 and 80.
40
What is the highest common divisor of 12 and 4308?
12
What is the greatest common divisor of 169244 and 2987?
29
What is the highest common factor of 115197 and 5719?
817
Calculate the highest common divisor of 560120 and 209.
209
What is the highest common divisor of 177848 and 215?
43
Calculate the greatest common divisor of 90 and 529890.
30
Calculate the greatest common divisor of 104 and 469976.
104
Calculate the highest common divisor of 108562 and 8755.
1751
What is the greatest common factor of 30084 and 828?
276
What is the greatest common divisor of 4427256 and 87?
87
What is the greatest common divisor of 8184 and 352?
88
What is the highest common divisor of 5470368 and 96?
96
What is the highest common divisor of 6109 and 15347?
149
Calculate the greatest common factor of 390040 and 45.
5
Calculate the highest common factor of 3849 and 6.
3
Calculate the highest common divisor of 469413 and 21.
21
Calculate the highest common factor of 12736 and 9728.
64
What is the greatest common factor of 278855 and 215?
215
What is the greatest common factor of 138645 and 2340?
585
Calculate the greatest common factor of 448 and 21248.
64
Calculate the highest common factor of 1083 and 2033.
19
What is the highest common divisor of 5808 and 888?
24
Calculate the greatest common divisor of 63 and 48279.
21
Calculate the greatest common divisor of 43435 and 1095.
365
Calculate the greatest common factor of 424 and 52408.
8
What is the greatest common factor of 44044 and 4732?
364
What is the highest common divisor of 890454 and 642?
642
What is the greatest common divisor of 499540 and 60?
20
Calculate the highest common factor of 958 and 30.
2
What is the highest common divisor of 84 and 878808?
84
What is the highest common divisor of 771 and 29041?
257
Calculate the greatest common divisor of 259490 and 20.
10
What is the greatest common divisor of 490066 and 4?
2
What is the highest common divisor of 222 and 120?
6
What is the greatest common divisor of 29 and 53795?
29
What is the greatest common factor of 27260 and 4183?
47
Calculate the greatest common divisor of 132000 and 640.
160
What is the greatest common divisor of 9916 and 148?
148
Calculate the greatest common factor of 302401 and 74.
37
Calculate the highest common divisor of 1128 and 45966.
282
Calculate the highest common factor of 100334 and 3632.
454
What is the highest common factor of 48 and 1266?
6
What is the greatest common divisor of 3 and 1571541?
3
What is the greatest common factor of 8541 and 2774?
73
Calculate the greatest common factor of 8343 and 405.
81
Calculate the highest common factor of 6 and 12498.
6
Calculate the greatest common factor of 520 and 111865.
65
What is the greatest common divisor of 366644 and 142?
142
Calculate the greatest common factor of 5680 and 84135.
355
What is the greatest common divisor of 451932 and 1092?
156
Calculate the greatest common factor of 643690 and 20.
10
What is the highest common factor of 12775 and 875?
175
Calculate the highest common divisor of 54502 and 126.
14
What is the highest common factor of 315864 and 5740?
164
What is the highest common factor of 6705 and 1395?
45
Calculate the highest common divisor of 57 and 460066.
19
Calculate the greatest common divisor of 16896 and 401664.
768
What is the greatest common factor of 3901 and 53203?
83
What is the highest common divisor of 64542 and 1178?
62
Calculate the highest common divisor of 55 and 2134.
11
What is the greatest common factor of 1500 and 164000?
500
What is the highest common divisor of 652533 and 189?
21
Calculate the highest common factor of 2610 and 1251.
9
What is the highest common divisor of 88 and 3895276?
44
What is the highest common divisor of 198248 and 40?
8
What is the greatest common divisor of 1815 and 136730?
605
What is the highest common divisor of 1576520 and 440?
440
What is the highest common factor of 2548 and 15574?
26
Calculate the greatest common factor of 14516 and 2865.
191
What is the highest common divisor of 140 and 164?
4
Calculate the greatest co